p. What is the highest common factor of 2 and x?
2
Let i be (8/(-3))/((-1)/18). Suppose 2*u - t = 34, 58 = 3*u + u + 3*t. Calculate the highest common divisor of u and i.
16
Let v(s) = -74*s - 2 - 2 + s. Let z be v(-4). Calculate the greatest common divisor of 32 and z.
32
Suppose 33 = 5*f - 142. Let l(o) = -5*o - 10. Let q be l(-3). Calculate the highest common divisor of q and f.
5
Suppose 4*z = -z + 20. Suppose -2*g = 2 - 10. What is the greatest common factor of g and z?
4
Suppose -u = w - 55, u + 0*w - w = 55. Let l = 29 - 24. What is the highest common divisor of u and l?
5
Let j(h) = 19*h + 40. Let n be j(0). Let k(p) = -6*p**3 - p**2 + p + 1. Let a be k(-1). What is the greatest common divisor of a and n?
5
Let l be (3 + -4)*16*-2. Let o be 1 - 47/(-2 - -1). Let u = o - l. What is the greatest common divisor of u and 8?
8
Let i = 56 - 25. Let l = 47 - i. Suppose -h = 4*v - 16, -2*v = 3*h + 2*v - 32. What is the highest common factor of h and l?
8
Let z(v) = 2*v + 1. Let i be z(1). Suppose -4*c - 260 = -2*m, i*c = 5*m - m - 515. Calculate the highest common factor of m and 16.
16
Let a be ((-20)/(-7))/(16/56). Let g be ((-10)/7)/(a/(-70)). What is the greatest common factor of g and 10?
10
Let m = 7 - -1. What is the greatest common divisor of m and 4?
4
Suppose -21*k + 15*k = -42. Calculate the highest common divisor of k and 119.
7
Let a = -2 + 2. Suppose 108 = -0*l + 4*l. Suppose -3*m + l = -a*m. Calculate the highest common factor of m and 36.
9
Let x be ((-143)/3)/(1/(-6)). Let g be 3/12 - x/(-8). What is the highest common divisor of g and 4?
4
Let g be (-1)/(-3) + (-107)/(-3). What is the highest common factor of g and 4?
4
Suppose 1 = h - 11. Calculate the greatest common divisor of h and 12.
12
Let u be (-2 - -6) + -1 - -13. Calculate the highest common factor of 112 and u.
16
Suppose -1 - 3 = 2*z. Let b(p) = 22*p**2 - p. Let n be b(z). Let r be (-3)/(-2)*(-20)/(-3). What is the greatest common factor of n and r?
10
Suppose -z + 3*b = -0*z + 3, -2*z - 6 = 4*b. Let d(k) = 2 - 2*k + 4*k**2 + k**3 + 4*k + 0*k**2. Let l be d(z). Calculate the highest common divisor of l and 35.
5
Let j = -92 + 104. Calculate the greatest common divisor of 3 and j.
3
Let f be 20 + 0 - 5/(30/(-24)). What is the highest common factor of 60 and f?
12
Let c = -26 + 53. Calculate the greatest common factor of 3 and c.
3
Let p(t) = -t**2 - 4*t + 1. Let c be p(-3). Let r be (2/(-3))/(c/(-48)). Calculate the greatest common divisor of r and 88.
8
Let z(d) be the second derivative of 2/3*d**3 + 0 + 3*d + 0*d**2 + 1/20*d**5 - 7/12*d**4. Let g be z(7). What is the highest common divisor of 14 and g?
14
Suppose 24 + 75 = 3*b. Suppose 9 = -2*c + b. Let v be 6/4 - (-738)/c. Calculate the highest common factor of 7 and v.
7
Let s = 16 - 11. Let j = 38 - 4. Suppose v + 22 = 2*f + 8, s*f = 3*v + j. What is the highest common factor of f and 72?
8
Suppose 5*v = y + 79, 17 = v - 0*v + y. Suppose -d - 6*j + 2*j = -11, 4*d - v = -2*j. Suppose -z - 16 = -d*z. What is the greatest common divisor of z and 12?
4
Suppose 0 = -7*b + 44 + 628. What is the highest common factor of b and 12?
12
Suppose -4*f - 4*k + k + 29 = 0, 0 = -2*k - 2. Suppose -a + f = -48. What is the highest common divisor of a and 14?
14
Let c be (-33)/6*(-12)/6. What is the highest common factor of 77 and c?
11
Let v(r) = -2*r - 1. Let k be v(-6). Let w be 2/(-4)*(-1 - 3). Suppose w*f = -2*u + 164, -4*f = -2*u - f + 139. Calculate the highest common factor of u and k.
11
Suppose -4*t - z - 5 = -0*z, -3*t - 2*z = 10. Suppose t = -5*o + 157 - 42. What is the greatest common divisor of 69 and o?
23
Suppose -26 = 2*t - h, 0*h + 10 = -5*h. Let m be (-5 + 41)*t/(-4). What is the highest common divisor of 14 and m?
14
Let p(r) = -r + r - 7 - 8*r. Let u be p(-5). Suppose -3*a = 2*a - 110. Calculate the greatest common factor of u and a.
11
Suppose 0 = -4*y - f + 298, -y + f - 6 + 83 = 0. Suppose 8*w - y = 3*w. What is the greatest common factor of 30 and w?
15
Let x be -10*((-24)/10 - 0). Calculate the highest common factor of x and 36.
12
Suppose 4*s + 5176 = 2*s. Let x be s/18 + (-4)/18. Let h be 1/(-3*3/x). Calculate the highest common factor of h and 16.
16
Suppose 5*b = -2*z + 27, 0 = -8*z + 3*z + 3*b + 83. Let w(t) = t + 8. Let m be w(-6). Suppose 2 = m*d - 6. Calculate the greatest common factor of z and d.
4
Let b(d) = d**2 + 6*d + 6. Let y be b(-6). Let v be 24/14*(1 + y). Let c be (2 - (1 - 0))*v. Calculate the greatest common factor of c and 30.
6
Suppose 53 = 4*n + 5*f, 0 = 2*f + 3 - 5. Let a(x) = 9*x - 1. Let p be a(1). What is the greatest common factor of p and n?
4
Let n be 8 + (1 - -5) - 8/2. Calculate the highest common divisor of n and 170.
10
Let f(z) = z**3 - 3*z**2 + 2*z. Let l be f(3). What is the highest common divisor of 18 and l?
6
Let d(t) = -2*t**3 - t**2 - 3. Let z = 4 + -7. Let o be d(z). What is the greatest common divisor of 28 and o?
14
Let a = -2 - -2. Suppose -4*g - 9 + 21 = a. Let x be (2/3*6/(-4))/(-1). Calculate the greatest common factor of x and g.
1
Suppose k - q = 58, -q - q = 4. Suppose 0 = -4*y - 8, y = -4*c - 0*y + 54. Calculate the greatest common divisor of k and c.
14
Let p be 1/(4*(-2)/(-744)). Calculate the highest common factor of p and 62.
31
Suppose -4*g + 132 = -188. Let y = g + -47. Suppose -y = m - 2*m. Calculate the greatest common divisor of 11 and m.
11
Let x(g) = g**2 - 15*g - 12. Let b be x(14). Let s = b + 43. Calculate the greatest common factor of s and 34.
17
Let f(s) = -2*s**2 - 6*s + 1. Let h(j) = j**2 + j. Let r(l) = -f(l) - 3*h(l). Let b be r(1). Calculate the highest common factor of b and 9.
1
Let w = -59 + 163. Calculate the highest common factor of 26 and w.
26
Let b = 8 + -5. What is the greatest common divisor of 33 and b?
3
Let y(m) = -m**2 + 4. Let w be y(-3). Let b be (-3 + 4*w)/(-1). Suppose b + 13 = t. What is the greatest common factor of t and 4?
4
Let w = 202 - 103. Suppose 0 = -i + 2, 40 - 6 = 4*a - i. What is the highest common divisor of w and a?
9
Let a = 49 - 21. What is the highest common divisor of 42 and a?
14
Let a be (-4)/(-3)*(1 - -14). Suppose -5*i + a = 5*v, 10*v = 5*v + i + 20. Calculate the highest common factor of v and 1.
1
Let v = 18 - 3. Let l = -11 - -26. Calculate the highest common divisor of v and l.
15
Let y(h) = -2 - 12*h + 9 + 0*h**2 + h**2 + 7. Let i be y(12). What is the greatest common factor of i and 2?
2
Let r = 91 - 49. What is the highest common divisor of r and 21?
21
Let m(r) = -2*r + 12*r**2 + 0*r + 4 - 4*r**2 - r**3 + 1. Let p be m(7). Calculate the highest common divisor of p and 10.
10
Let q = -8 + 13. Suppose -5*m - 50 = -3*w, -96 = -3*w - 3*m - 6. Calculate the greatest common divisor of w and q.
5
Suppose -829 = -4*b - 169. What is the greatest common factor of b and 15?
15
Suppose c - 3*c - 504 = 0. Let y be 5/(-1)*c/45. Calculate the greatest common factor of y and 42.
14
Let y(g) = g**2 + 10*g. Let m be y(-12). Let p be (-14)/(-4)*(-24)/(-14). What is the highest common divisor of p and m?
6
Suppose 216 - 86 = 5*c. Suppose 4*n + 4*j - 40 = 0, -4*j + 12 = 2*n - 2. Calculate the highest common factor of n and c.
13
Let j(a) = a**2 + a. Let c be j(-2). Let d = c + 0. What is the greatest common factor of d and 2?
2
Let u(x) = -2*x + 4. Let o be u(-6). Suppose 0 = 4*a - 0*a - 32. What is the greatest common factor of a and o?
8
Let m = 68 - 48. Suppose 5*k - n - 19 = 0, -2*k - n + 5 = -4. Suppose -f - 42 = -5*w, 3*w - k*f - 32 = -0*f. What is the highest common factor of w and m?
4
Suppose -k - 8 = -3*k. Calculate the greatest common factor of 1 and k.
1
Let t(m) = -9*m + 4. Suppose 0 = -q - q. Let r(h) = -h**3 + h**2 + h - 4. Let o be r(q). Let l be t(o). Calculate the highest common factor of l and 8.
8
Suppose -3*j = j + 12. Let q be j/(-12) - (-1583)/4. Suppose 0*x + q = 4*x. Calculate the highest common factor of x and 9.
9
Let n = 6 + -2. Suppose -102 = -n*c + 2*c. Calculate the greatest common divisor of c and 17.
17
Let w(m) = -m + 26. Let b be w(14). Calculate the greatest common divisor of 36 and b.
12
Suppose -3*o + 0 + 9 = 0. Let f(m) = 6*m + 2. Let g be f(3). Let z be (-3)/(-5) + 8/g. Calculate the highest common divisor of z and o.
1
Let u = 4 + -4. Let g(p) = -p + 5. Le